ns digit of 13975624?
3
What is the ten thousands digit of 258029?
5
What is the hundred thousands digit of 404118?
4
What is the ten thousands digit of 756945?
5
What is the hundreds digit of 100417?
4
What is the hundred thousands digit of 277743?
2
What is the hundreds digit of 11149778?
7
What is the hundreds digit of 3709225?
2
What is the thousands digit of 6411857?
1
What is the tens digit of 143833?
3
What is the thousands digit of 144735?
4
What is the hundreds digit of 1324342?
3
What is the units digit of 569474?
4
What is the units digit of 19720?
0
What is the millions digit of 1187673?
1
What is the hundred thousands digit of 967527?
9
What is the millions digit of 3525747?
3
What is the thousands digit of 80426?
0
What is the hundreds digit of 5571207?
2
What is the hundreds digit of 7171202?
2
What is the millions digit of 1536056?
1
What is the tens digit of 363716?
1
What is the thousands digit of 518426?
8
What is the thousands digit of 833785?
3
What is the hundred thousands digit of 1000055?
0
What is the hundred thousands digit of 7396581?
3
What is the millions digit of 25081502?
5
What is the tens digit of 31122543?
4
What is the hundred thousands digit of 1406920?
4
What is the ten millions digit of 13513627?
1
What is the hundred thousands digit of 17806716?
8
What is the ten thousands digit of 307739?
0
What is the hundred thousands digit of 618134?
6
What is the millions digit of 6834833?
6
What is the millions digit of 15181938?
5
What is the millions digit of 7227775?
7
What is the millions digit of 2110482?
2
What is the units digit of 167681?
1
What is the ten thousands digit of 119714?
1
What is the ten thousands digit of 1780825?
8
What is the tens digit of 1609380?
8
What is the tens digit of 114109?
0
What is the thousands digit of 963253?
3
What is the hundred thousands digit of 2039704?
0
What is the hundred thousands digit of 7695008?
6
What is the thousands digit of 2226384?
6
What is the thousands digit of 159581?
9
What is the units digit of 2954779?
9
What is the thousands digit of 111838?
1
What is the ten thousands digit of 890864?
9
What is the ten thousands digit of 2529644?
2
What is the hundreds digit of 268153?
1
What is the hundred thousands digit of 126869?
1
What is the hundred thousands digit of 11381554?
3
What is the tens digit of 109057?
5
What is the units digit of 425811?
1
What is the thousands digit of 16469058?
9
What is the units digit of 3650793?
3
What is the units digit of 423447?
7
What is the hundreds digit of 9628264?
2
What is the tens digit of 55055?
5
What is the thousands digit of 93920?
3
What is the ten thousands digit of 2983482?
8
What is the thousands digit of 394882?
4
What is the tens digit of 2546980?
8
What is the hundred thousands digit of 195343?
1
What is the units digit of 3731549?
9
What is the ten thousands digit of 1065788?
6
What is the hundreds digit of 26792273?
2
What is the hundreds digit of 1289338?
3
What is the thousands digit of 11379222?
9
What is the hundred thousands digit of 269274?
2
What is the thousands digit of 273601?
3
What is the millions digit of 1015005?
1
What is the units digit of 403225?
5
What is the millions digit of 8383201?
8
What is the hundreds digit of 3173628?
6
What is the ten thousands digit of 6096223?
9
What is the hundreds digit of 66907?
9
What is the hundred thousands digit of 20086889?
0
What is the hundred thousands digit of 505367?
5
What is the ten thousands digit of 7745766?
4
What is the ten thousands digit of 17380804?
8
What is the thousands digit of 4406774?
6
What is the hundred thousands digit of 526962?
5
What is the hundreds digit of 580529?
5
What is the hundreds digit of 418418?
4
What is the thousands digit of 3169?
3
What is the thousands digit of 2063990?
3
What is the millions digit of 3693282?
3
What is the tens digit of 2634789?
8
What is the thousands digit of 720121?
0
What is the tens digit of 662701?
0
What is the ten thousands digit of 48506?
4
What is the hundred thousands digit of 118019?
1
What is the units digit of 1639270?
0
What is the tens digit of 116237?
3
What is the tens digit of 632233?
3
What is the ten thousands digit of 419526?
1
What is the units digit of 746817?
7
What is the hundred thousands digit of 1747017?
7
What is the tens digit of 36852286?
8
What is the units digit of 22347657?
7
What is the millions digit of 3792247?
3
What is the hundred thousands digit of 139422?
1
What is the thousands digit of 7911718?
1
What is the tens digit of 498209?
0
What is the hundred thousands digit of 5779481?
7
What is the tens digit of 1798107?
0
What is the thousands digit of 2149867?
9
What is the tens digit of 73249?
4
What is the hundreds digit of 12347597?
5
What is the tens digit of 571244?
4
What is the hundred thousands digit of 1795632?
7
What is the thousands digit of 1024205?
4
What is the ten thousands digit of 917002?
1
What is the millions digit of 5033208?
5
What is the hundred thousands digit of 1319746?
3
What is the tens digit of 12155673?
7
What is the hundreds digit of 133826?
8
What is the thousands digit of 155578?
5
What is the tens digit of 7374336?
3
What is the hundreds digit of 2089674?
6
What is the ten thousands digit of 687489?
8
What is the ten thousands digit of 178930?
7
What is the millions digit of 12339760?
2
What is the hundred thousands digit of 115404?
1
What is the units digit of 807173?
3
What is the ten thousands digit of 1421579?
2
What is the ten thousands digit of 1064706?
6
What is the tens digit of 2048401?
0
What is the hundreds digit of 494000?
0
What is the tens digit of 11436305?
0
What is the ten thousands digit of 21845719?
4
What is the millions digit of 2009058?
2
What is the hundreds digit of 3314532?
5
What is the thousands digit of 196228?
6
What is the units digit of 20849?
9
What is the hundred thousands digit of 169606?
1
What is the ten thousands digit of 5777514?
7
What is the thousands digit of 886843?
6
What is the thousands digit of 12129404?
9
What is the ten thousands digit of 14182508?
8
What is the hundred thousands digit of 1047046?
0
What is the thousands digit of 4034975?
4
What is the units digit of 2471487?
7
What is the units digit of 24578?
8
What is the ten thousands digit of 14285223?
8
What is the ten thousands digit of 8640116?
4
What is the hundreds digit of 364952?
9
What is the thousands digit of 14631007?
1
What is the units digit of 7559452?
2
What is the tens digit of 1040435?
3
What is the hundred thousands digit of 469706?
4
What is the millions digit of 6054901?
6
What is the units digit of 853679?
9
What is the units digit of 1745933?
3
What is the units digit of 20521056?
6
What is the units digit of 364327?
7
What is the tens digit of 147805?
0
What is the units digit of 3964357?
7
What is the hundreds digit of 5622132?
1
What is the millions digit of 3736898?
3
What is the units digit of 22648130?
0
What is the thousands digit of 202151?
2
What is the hundred thousands digit of 3426787?
4
What is the ten millions digit of 14099309?
1
What is the hundred thousands digit of 812867?
8
What is the tens digit of 163673?
7
What is the hundreds digit of 275742?
7
What is the tens digit of 768233?
3
What is the millions digit of 3096283?
3
What is the tens digit of 1024653?
5
What is the ten thousands digit of 267280?
6
What is the tens digit of 82973?
7
What is the units digit of 3537246?
6
What is the tens digit of 3699363?
6
What is the ten thousands digit of 5773576?
7
What is the ten thousands digit of 10461938?
6
What is the hundreds digit of 7121337?
3
What is the thousands digit of 14877355?
7
What is the ten thousands digit of 3803963?
0
What is the thousands digit of 687973?
7
What is the tens digit of 10381702?
0
What is the hundred thousands digit of 861566?
8
What is the hundred thousands digit of 27917154?
9
What is the tens digit of 904075?
7
What is the thousands digit of 15655149?
5
What is the ten thousands digit of 17578?
1
What is the thousands digit of 15104720?
4
What is the millions digit of 3160078?
3
What is the ten thousands digit of 1151283?
5
What is the hundred thousands digit of 741857?
7
What is the hundreds digit of 93756?
7
What is the hundreds digit of 1458109